157 - s. What is the highest common factor of l and 9?
9
Suppose 3 = 3*i, 4*h = -0*h + 5*i + 15. Suppose -h*u = -15, -54 - 45 = -5*o - 3*u. Let p = 6 + o. Calculate the greatest common factor of p and 3.
3
Suppose -15 = -4*n + 21. What is the greatest common divisor of 27 and n?
9
Suppose 4*y - 12 = -4. Suppose -18 = -y*t - 0. Suppose 13*n - 9*n = 144. Calculate the highest common factor of n and t.
9
Let i be -4 - -4*62/2. Suppose -2*l - 45 = -5*l. What is the greatest common factor of l and i?
15
Let g(i) = 12*i - 4. Let p be g(2). What is the greatest common factor of 50 and p?
10
Let j be 3/((1/(-10))/1). Let x = 43 + j. Let f(y) = 6*y**2 - 5. Let b be f(-4). Calculate the highest common factor of x and b.
13
Let x(s) = -4*s - 12. Let p be x(-7). Calculate the greatest common divisor of p and 112.
16
Suppose y = -0*y + 3*r + 68, 0 = -3*y + r + 236. Calculate the highest common factor of y and 20.
20
Let p(v) = 3*v**3 - 5*v**2 - 4*v + 1. Let r be p(3). Calculate the greatest common factor of 10 and r.
5
Suppose 8*d = 263 + 281. What is the highest common factor of d and 4?
4
Suppose 6*g - g = 1440. What is the greatest common divisor of 36 and g?
36
Let v = -264 - -373. Let w = v + 31. Calculate the highest common factor of 14 and w.
14
Suppose 3*u = 8*u - 2*h - 34, -5*u + 49 = 3*h. What is the highest common divisor of 16 and u?
8
Let i(n) = -n**3 + 5*n**2 + n + 8. Let o be i(4). Let h(j) = 2*j - 3. Let v be h(5). What is the highest common divisor of v and o?
7
Let o(y) = -y + 1. Let z be o(-9). What is the highest common factor of 90 and z?
10
Suppose 5*s - 15 = 2*o, o + 5*s = 2*s + 9. Let d(t) = 7 - 17 + 2*t + 11 - t + t**2. Let f be d(o). Calculate the greatest common divisor of f and 4.
1
Let x = 38 - 18. Calculate the greatest common divisor of 4 and x.
4
Let q be (-3)/(-7) + ((-512)/(-14) - 1). Calculate the greatest common divisor of 48 and q.
12
Let f(y) = y + 78. Let g be f(-28). Calculate the highest common factor of g and 10.
10
Let w be 3 + 0/1 - -2. Suppose 0 = -p - l + 3, 2*p = -p + 3*l + 9. Let t be 3/((-36)/15 + p). Calculate the greatest common factor of w and t.
5
Let u = -278 + 488. Let g = u + -147. Calculate the greatest common divisor of g and 9.
9
Let x = 125 - 53. Calculate the greatest common divisor of x and 8.
8
Let p(o) = -o**2 - o + 4. Let f(q) = -q + 8. Let g be f(8). Let a be p(g). Calculate the greatest common divisor of a and 16.
4
Suppose -8 = 2*l - 4*l. Suppose 0*b - l*b = -128. Let f(t) = -2*t - 2. Let r be f(-5). What is the highest common factor of b and r?
8
Let a be 0*1/(-2) + -1. Let w be (4 - 3)/((-2)/4). Let q be 30 + 1 + (w - a). Calculate the highest common factor of q and 15.
15
Let k = -79 + 118. Calculate the highest common factor of 13 and k.
13
Let s be 3/((-15)/(-10) - 1). What is the greatest common factor of s and 6?
6
Let s = 13 + -6. Suppose -2*h = -s*h + 5. What is the greatest common factor of 1 and h?
1
Suppose -2*n - 128 = -3*o, o = -4*o + n + 204. What is the highest common divisor of o and 10?
10
Let a be (-2)/6 + (95/15 - -5). What is the highest common divisor of a and 88?
11
Let q = 45 - -6. Calculate the greatest common factor of q and 85.
17
Let z(u) = u**2 + 49. Let d be z(0). Let r(t) = 2*t - 7. Let x be r(7). Calculate the greatest common factor of d and x.
7
Suppose 4*v - 41 = -2*b + 7, -5*b + 40 = 2*v. What is the highest common factor of 2 and v?
2
Let c be ((-3)/(-9))/(1/3). Suppose -3*u + 2 + c = 0. Let z be (5/2)/(u/2). Calculate the highest common factor of 40 and z.
5
Suppose -29 + 5 = -4*y. Let k = -5 - -1. Let h be (-63)/2*k/3. Calculate the highest common factor of h and y.
6
Let y be ((-231)/(-9))/((-3)/(-27)). Calculate the highest common factor of 21 and y.
21
Let x = 24 + -19. What is the greatest common divisor of 2 and x?
1
Suppose v + 3*p + 4 = 35, 3*v - 3*p = 45. Calculate the greatest common factor of v and 209.
19
Let x(g) be the first derivative of g**2/2 + 6*g - 2. Let o be x(-5). Calculate the highest common divisor of o and 6.
1
Suppose -5*w = -65 - 35. Suppose 2*z = 4*f + f - 148, f - 28 = 2*z. Calculate the highest common divisor of w and f.
10
Let j = -98 + 101. What is the greatest common divisor of 12 and j?
3
Let t(o) = -4*o**2 - o - 2. Let f be t(2). Let j = -13 - f. Let b be 22 + 1 + (-3 - -1). What is the greatest common divisor of j and b?
7
Let t = 24 - 19. Suppose 50 = n + t. What is the greatest common factor of n and 9?
9
Suppose 0 = 10*w - 101 - 29. What is the greatest common divisor of 13 and w?
13
Suppose 0 = -2*p - 0*p. Let o(w) = -w**2 + 7*w - 7. Let v be o(5). Suppose p = v*m - 12. What is the greatest common divisor of m and 20?
4
Let q(o) = -o**2 - 17*o - 6. Let g be q(-15). Let d be (-6)/4*(-78 - 2). Calculate the highest common divisor of d and g.
24
Let q(o) be the first derivative of -o**2/2 + o + 3. Let n be q(3). Let l be (2/6)/(n/(-54)). What is the highest common divisor of l and 72?
9
Let u be (-70)/(-20) - (-1)/(-2). Suppose -u*t = 46 - 511. What is the greatest common factor of 31 and t?
31
Let l be ((-558)/1)/(-6) - -3. Let n = -55 - -79. Calculate the greatest common factor of l and n.
24
Let x(q) = 5*q**2 - 2*q - 7. Let k be x(4). Calculate the greatest common divisor of 39 and k.
13
Let o(d) = 2*d - 4. Suppose -5*s - 10 + 50 = 5*v, 2 = 2*s. Let b be o(v). What is the greatest common factor of b and 25?
5
Suppose -3*d - 209 = -4*f - 8*d, 5*d + 295 = 5*f. Calculate the highest common factor of 7 and f.
7
Suppose 6 = 3*x - 102. What is the highest common divisor of x and 4?
4
Let s(p) = p - 9. Let w be s(6). Let x = w + 3. Suppose x = 5*t - t - 44. Calculate the greatest common divisor of 99 and t.
11
Let i = -6 + 8. Let u(c) = 3*c**i - 6*c**2 + c**3 + 1 + c - 3*c**3. Let r be u(-3). What is the greatest common factor of 10 and r?
5
Let q = 31 + -17. What is the highest common factor of 28 and q?
14
Suppose -10 = -h - k, -13 + 98 = 4*h - 5*k. Let i be h - ((5 - 1) + -3). Calculate the greatest common divisor of 42 and i.
14
Let j(d) = -6*d + 17. Let x(i) = 3*i - 8. Let p(l) = 3*j(l) + 7*x(l). Let g be p(5). What is the greatest common factor of g and 5?
5
Let f(v) = v**2 + 3*v + 3. Let i be f(-3). What is the greatest common divisor of i and 15?
3
Suppose -f + 4 = -0. Let s be ((-100)/(-12))/((-2)/(-6)). Let a = 35 - s. Calculate the greatest common factor of a and f.
2
Let o be 817/7 - (-2)/7. What is the greatest common factor of o and 13?
13
Suppose 0 = 5*u - 9 - 11, 32 = 2*h + 3*u. Let z be 4 - (-1 + 3) - 13. Let w = z - -51. Calculate the highest common divisor of h and w.
10
Let a = -23 + 32. Let x = -12 - -13. What is the greatest common factor of x and a?
1
Let w(c) = -c - 75. Let r be w(0). Let d be (13/3)/((-5)/r). Suppose -4*o = -127 + 23. What is the greatest common divisor of d and o?
13
Suppose 0 = -2*g + 8, -3*k + 5*g + 40 = 2*k. Let o = 43 + 17. Calculate the highest common divisor of k and o.
12
Let g(p) = p - 4. Let r be g(4). Suppose r = -0*j + 2*j. Let o = 2 + j. Calculate the highest common divisor of o and 3.
1
Let z be (-5)/10 - 89/(-2). Calculate the greatest common divisor of 4 and z.
4
Let w(m) = 3*m + 3. Let p be w(3). Let a = -36 + 60. Calculate the greatest common divisor of a and p.
12
Let d(w) = -2*w - 2. Let p be -5 + 4/(-2) + 4. Let k be d(p). Calculate the greatest common divisor of 10 and k.
2
Let s(i) = -i**2 + 13*i - 3. Let q be s(7). What is the greatest common factor of 13 and q?
13
Let q(k) = 5*k**2 + k - 4. Let s be q(2). What is the greatest common divisor of s and 6?
6
Let r be (3/9)/(-1)*-33. Let x = -261 + 382. Calculate the highest common divisor of r and x.
11
Let o = -148 - -169. Let x = 75 - 33. What is the greatest common divisor of o and x?
21
Let w(h) = -4*h - 34. Let v be w(-9). Calculate the greatest common divisor of v and 2.
2
Let n be 3 + -5 - -1*30. Let t(x) = -2*x + 3. Let w be t(6). Let h be (-632)/w - (-2)/(-9). What is the greatest common divisor of n and h?
14
Let t(v) = -13*v - 1. Let r(h) = 27*h + 2. Let c(i) = -3*r(i) - 7*t(i). Let n be c(1). Calculate the highest common divisor of 55 and n.
11
Suppose 80 = 4*d - 12. What is the greatest common factor of 184 and d?
23
Let u(y) = -2*y - 10. Let i be u(-7). Let b be (3 - 1)*(-2 + i). Let t be 1